{"id":18,"date":"2024-04-18T17:27:30","date_gmt":"2024-04-18T15:27:30","guid":{"rendered":"https:\/\/www.embonice.com\/?page_id=18"},"modified":"2025-02-18T10:43:19","modified_gmt":"2025-02-18T09:43:19","slug":"equipe","status":"publish","type":"page","link":"https:\/\/www.embonice.com\/index.php\/equipe\/","title":{"rendered":"L&rsquo;\u00e9quipe"},"content":{"rendered":"\t\t<div data-elementor-type=\"wp-page\" data-elementor-id=\"18\" class=\"elementor elementor-18\">\n\t\t\t\t<div class=\"elementor-element elementor-element-7eb211a2 e-flex e-con-boxed e-con e-parent\" data-id=\"7eb211a2\" data-element_type=\"container\">\n\t\t\t\t\t<div class=\"e-con-inner\">\n\t\t\t\t<div class=\"elementor-element elementor-element-732d2947 elementor-widget elementor-widget-text-editor\" data-id=\"732d2947\" data-element_type=\"widget\" data-widget_type=\"text-editor.default\">\n\t\t\t\t<div class=\"elementor-widget-container\">\n\t\t\t\t\t\t\t\t\t\n<p>Les radiologues<\/p>\n\t\t\t\t\t\t\t\t<\/div>\n\t\t\t\t<\/div>\n\t\t\t\t\t<\/div>\n\t\t\t\t<\/div>\n\t\t<div class=\"elementor-element elementor-element-4c53c6e4 e-con-full e-flex e-con e-parent\" data-id=\"4c53c6e4\" data-element_type=\"container\" data-settings=\"{&quot;background_background&quot;:&quot;classic&quot;}\">\n\t\t<div class=\"elementor-element elementor-element-dff1683 e-con-full e-flex e-con e-child\" data-id=\"dff1683\" data-element_type=\"container\">\n\t\t\t\t<div class=\"elementor-element elementor-element-39dab505 elementor-widget elementor-widget-image\" data-id=\"39dab505\" data-element_type=\"widget\" data-widget_type=\"image.default\">\n\t\t\t\t<div class=\"elementor-widget-container\">\n\t\t\t\t\t\t\t\t\t\t\t\t\t\t\t<img fetchpriority=\"high\" decoding=\"async\" width=\"1024\" height=\"833\" src=\"https:\/\/www.embonice.com\/wp-content\/uploads\/2024\/04\/Image_Placeholder_Hero-1024x833.jpeg\" class=\"attachment-large size-large wp-image-100\" alt=\"\" srcset=\"https:\/\/www.embonice.com\/wp-content\/uploads\/2024\/04\/Image_Placeholder_Hero-1024x833.jpeg 1024w, https:\/\/www.embonice.com\/wp-content\/uploads\/2024\/04\/Image_Placeholder_Hero-300x244.jpeg 300w, https:\/\/www.embonice.com\/wp-content\/uploads\/2024\/04\/Image_Placeholder_Hero-768x624.jpeg 768w, https:\/\/www.embonice.com\/wp-content\/uploads\/2024\/04\/Image_Placeholder_Hero.jpeg 1027w\" sizes=\"(max-width: 1024px) 100vw, 1024px\" \/>\t\t\t\t\t\t\t\t\t\t\t\t\t\t\t<\/div>\n\t\t\t\t<\/div>\n\t\t\t\t<\/div>\n\t\t<div class=\"elementor-element elementor-element-5de3b5a6 e-con-full e-flex e-con e-child\" data-id=\"5de3b5a6\" data-element_type=\"container\">\n\t\t\t\t<div class=\"elementor-element elementor-element-13a4832 elementor-widget elementor-widget-heading\" data-id=\"13a4832\" data-element_type=\"widget\" data-widget_type=\"heading.default\">\n\t\t\t\t<div class=\"elementor-widget-container\">\n\t\t\t\t\t<h1 class=\"elementor-heading-title elementor-size-default\">Notre \u00e9quipe<\/h1>\t\t\t\t<\/div>\n\t\t\t\t<\/div>\n\t\t\t\t<div class=\"elementor-element elementor-element-61aa4d3e elementor-widget elementor-widget-text-editor\" data-id=\"61aa4d3e\" data-element_type=\"widget\" data-widget_type=\"text-editor.default\">\n\t\t\t\t<div class=\"elementor-widget-container\">\n\t\t\t\t\t\t\t\t\t<p>Le groupe Azuradiologie comprend 7 radiologues sp\u00e9cialis\u00e9s dans la radiologie interventionnelle.<\/p>\t\t\t\t\t\t\t\t<\/div>\n\t\t\t\t<\/div>\n\t\t\t\t<\/div>\n\t\t\t\t<\/div>\n\t\t<div class=\"elementor-element elementor-element-390f3546 e-con-full e-flex e-con e-parent\" data-id=\"390f3546\" data-element_type=\"container\" data-settings=\"{&quot;background_background&quot;:&quot;classic&quot;}\">\n\t\t<div class=\"elementor-element elementor-element-7e874d44 e-con-full e-flex e-con e-child\" data-id=\"7e874d44\" data-element_type=\"container\">\n\t\t\t\t<div class=\"elementor-element elementor-element-bd5c4c9 elementor-widget elementor-widget-heading\" data-id=\"bd5c4c9\" data-element_type=\"widget\" data-widget_type=\"heading.default\">\n\t\t\t\t<div class=\"elementor-widget-container\">\n\t\t\t\t\t<h2 class=\"elementor-heading-title elementor-size-default\">Dr BAQUE<br>Dr BONNARD<br>Dr HAVET<br>Dr IZZILLO<br>Dr LAME<br>Dr ODDO<br>Dr SALA<\/h2>\t\t\t\t<\/div>\n\t\t\t\t<\/div>\n\t\t\t\t<\/div>\n\t\t<div class=\"elementor-element elementor-element-7c96c62 e-con-full e-flex e-con e-child\" data-id=\"7c96c62\" data-element_type=\"container\">\n\t\t\t\t<div class=\"elementor-element elementor-element-546a4c12 elementor-widget elementor-widget-image\" data-id=\"546a4c12\" data-element_type=\"widget\" data-widget_type=\"image.default\">\n\t\t\t\t<div class=\"elementor-widget-container\">\n\t\t\t\t\t\t\t\t\t\t\t\t\t\t\t<img decoding=\"async\" width=\"768\" height=\"1024\" src=\"https:\/\/www.embonice.com\/wp-content\/uploads\/2024\/04\/IMG_1265-768x1024.jpg\" class=\"attachment-large size-large wp-image-317\" alt=\"\" srcset=\"https:\/\/www.embonice.com\/wp-content\/uploads\/2024\/04\/IMG_1265-768x1024.jpg 768w, https:\/\/www.embonice.com\/wp-content\/uploads\/2024\/04\/IMG_1265-225x300.jpg 225w, https:\/\/www.embonice.com\/wp-content\/uploads\/2024\/04\/IMG_1265-1152x1536.jpg 1152w, https:\/\/www.embonice.com\/wp-content\/uploads\/2024\/04\/IMG_1265-1536x2048.jpg 1536w, https:\/\/www.embonice.com\/wp-content\/uploads\/2024\/04\/IMG_1265-scaled.jpg 1920w\" sizes=\"(max-width: 768px) 100vw, 768px\" \/>\t\t\t\t\t\t\t\t\t\t\t\t\t\t\t<\/div>\n\t\t\t\t<\/div>\n\t\t\t\t<\/div>\n\t\t\t\t<\/div>\n\t\t<div class=\"elementor-element elementor-element-1ee6be5 e-con-full e-flex e-con e-parent\" data-id=\"1ee6be5\" data-element_type=\"container\" data-settings=\"{&quot;background_background&quot;:&quot;classic&quot;}\">\n\t\t<div class=\"elementor-element elementor-element-2990a0e3 e-con-full e-flex e-con e-child\" data-id=\"2990a0e3\" data-element_type=\"container\">\n\t\t\t\t<div class=\"elementor-element elementor-element-72c3c5e8 elementor-widget elementor-widget-heading\" data-id=\"72c3c5e8\" data-element_type=\"widget\" data-widget_type=\"heading.default\">\n\t\t\t\t<div class=\"elementor-widget-container\">\n\t\t\t\t\t<h2 class=\"elementor-heading-title elementor-size-default\">PLATEAU TECHNIQUE<\/h2>\t\t\t\t<\/div>\n\t\t\t\t<\/div>\n\t\t\t\t<div class=\"elementor-element elementor-element-1c877023 elementor-widget elementor-widget-text-editor\" data-id=\"1c877023\" data-element_type=\"widget\" data-widget_type=\"text-editor.default\">\n\t\t\t\t<div class=\"elementor-widget-container\">\n\t\t\t\t\t\t\t\t\t<p>La clinique Kantys centre comprend un plateau technique cardiovasculaire avec 2 salles de cath\u00e9t\u00e9risme cardiaque, 2 salles de rythmologie, et 2 salle de radiologie interventionnelle et chirurgie endovasculaire.<\/p>\t\t\t\t\t\t\t\t<\/div>\n\t\t\t\t<\/div>\n\t\t\t\t<\/div>\n\t\t<div class=\"elementor-element elementor-element-560daf34 e-con-full e-flex e-con e-child\" data-id=\"560daf34\" data-element_type=\"container\">\n\t\t\t\t<div class=\"elementor-element elementor-element-314709f3 elementor-widget elementor-widget-image\" data-id=\"314709f3\" data-element_type=\"widget\" data-widget_type=\"image.default\">\n\t\t\t\t<div class=\"elementor-widget-container\">\n\t\t\t\t\t\t\t\t\t\t\t\t\t\t\t<img decoding=\"async\" width=\"853\" height=\"430\" src=\"https:\/\/www.embonice.com\/wp-content\/uploads\/2024\/04\/Image-Contact-1.jpg\" class=\"attachment-large size-large wp-image-44\" alt=\"\" srcset=\"https:\/\/www.embonice.com\/wp-content\/uploads\/2024\/04\/Image-Contact-1.jpg 853w, https:\/\/www.embonice.com\/wp-content\/uploads\/2024\/04\/Image-Contact-1-300x151.jpg 300w, https:\/\/www.embonice.com\/wp-content\/uploads\/2024\/04\/Image-Contact-1-768x387.jpg 768w\" sizes=\"(max-width: 853px) 100vw, 853px\" \/>\t\t\t\t\t\t\t\t\t\t\t\t\t\t\t<\/div>\n\t\t\t\t<\/div>\n\t\t\t\t<\/div>\n\t\t\t\t<\/div>\n\t\t<div class=\"elementor-element elementor-element-61a1f4c9 e-con-full e-flex e-con e-parent\" data-id=\"61a1f4c9\" data-element_type=\"container\" data-settings=\"{&quot;background_background&quot;:&quot;classic&quot;}\">\n\t\t<div class=\"elementor-element elementor-element-5e17924e e-con-full e-flex e-con e-child\" data-id=\"5e17924e\" data-element_type=\"container\">\n\t\t\t\t<div class=\"elementor-element elementor-element-79a34a45 elementor-widget elementor-widget-heading\" data-id=\"79a34a45\" data-element_type=\"widget\" data-widget_type=\"heading.default\">\n\t\t\t\t<div class=\"elementor-widget-container\">\n\t\t\t\t\t<h2 class=\"elementor-heading-title elementor-size-default\">Une salle d'angiographie 3D <\/h2>\t\t\t\t<\/div>\n\t\t\t\t<\/div>\n\t\t\t\t<div class=\"elementor-element elementor-element-1d85051d elementor-widget elementor-widget-text-editor\" data-id=\"1d85051d\" data-element_type=\"widget\" data-widget_type=\"text-editor.default\">\n\t\t\t\t<div class=\"elementor-widget-container\">\n\t\t\t\t\t\t\t\t\t<p>La salle d\u2019angiographie 3D est un espace m\u00e9dical \u00e9quip\u00e9 d\u2019un syst\u00e8me d\u2019imagerie avanc\u00e9 permettant la visualisation d\u00e9taill\u00e9e des vaisseaux sanguins en trois dimensions. Gr\u00e2ce \u00e0 un arceau mobile \u00e9mettant des rayons X et \u00e0 un logiciel de reconstruction d\u2019images, elle offre une pr\u00e9cision accrue pour le diagnostic et le traitement des pathologies vasculaires. Cette salle est particuli\u00e8rement utilis\u00e9e pour guider des proc\u00e9dures telles que la pose de stents, l\u2019embolisation ou encore les traitements endovasculaires, am\u00e9liorant ainsi la s\u00e9curit\u00e9 et l\u2019efficacit\u00e9 des interventions.<\/p>\t\t\t\t\t\t\t\t<\/div>\n\t\t\t\t<\/div>\n\t\t\t\t<\/div>\n\t\t<div class=\"elementor-element elementor-element-76d2a487 e-con-full e-flex e-con e-child\" data-id=\"76d2a487\" data-element_type=\"container\">\n\t\t\t\t<div class=\"elementor-element elementor-element-73d98bc0 elementor-widget elementor-widget-image\" data-id=\"73d98bc0\" data-element_type=\"widget\" data-widget_type=\"image.default\">\n\t\t\t\t<div class=\"elementor-widget-container\">\n\t\t\t\t\t\t\t\t\t\t\t\t\t\t\t<img decoding=\"async\" width=\"853\" height=\"430\" src=\"https:\/\/www.embonice.com\/wp-content\/uploads\/2024\/04\/Image-Contact-1.jpg\" class=\"attachment-large size-large wp-image-44\" alt=\"\" srcset=\"https:\/\/www.embonice.com\/wp-content\/uploads\/2024\/04\/Image-Contact-1.jpg 853w, https:\/\/www.embonice.com\/wp-content\/uploads\/2024\/04\/Image-Contact-1-300x151.jpg 300w, https:\/\/www.embonice.com\/wp-content\/uploads\/2024\/04\/Image-Contact-1-768x387.jpg 768w\" sizes=\"(max-width: 853px) 100vw, 853px\" \/>\t\t\t\t\t\t\t\t\t\t\t\t\t\t\t<\/div>\n\t\t\t\t<\/div>\n\t\t\t\t<\/div>\n\t\t\t\t<\/div>\n\t\t<div class=\"elementor-element elementor-element-6aab005a e-flex e-con-boxed e-con e-parent\" data-id=\"6aab005a\" data-element_type=\"container\" data-settings=\"{&quot;background_background&quot;:&quot;classic&quot;}\">\n\t\t\t\t\t<div class=\"e-con-inner\">\n\t\t\t\t<div class=\"elementor-element elementor-element-aaa49df elementor-widget elementor-widget-heading\" data-id=\"aaa49df\" data-element_type=\"widget\" data-widget_type=\"heading.default\">\n\t\t\t\t<div class=\"elementor-widget-container\">\n\t\t\t\t\t<p class=\"elementor-heading-title elementor-size-default\">\u00a9 2025 All Rights Reserved.<\/p>\t\t\t\t<\/div>\n\t\t\t\t<\/div>\n\t\t\t\t\t<\/div>\n\t\t\t\t<\/div>\n\t\t\t\t<\/div>\n\t\t","protected":false},"excerpt":{"rendered":"<p>Les radiologues Notre \u00e9quipe Le groupe Azuradiologie comprend 7 radiologues sp\u00e9cialis\u00e9s dans la radiologie interventionnelle. Dr BAQUEDr BONNARDDr HAVETDr IZZILLODr LAMEDr ODDODr SALA PLATEAU TECHNIQUE La clinique Kantys centre comprend un plateau technique cardiovasculaire avec 2 salles de cath\u00e9t\u00e9risme cardiaque, 2 salles de rythmologie, et 2 salle de radiologie interventionnelle et chirurgie endovasculaire. Une salle [&hellip;]<\/p>\n","protected":false},"author":1,"featured_media":0,"parent":0,"menu_order":0,"comment_status":"closed","ping_status":"closed","template":"","meta":{"footnotes":""},"class_list":["post-18","page","type-page","status-publish","hentry","entry"],"yoast_head":"<!-- This site is optimized with the Yoast SEO plugin v22.5 - https:\/\/yoast.com\/wordpress\/plugins\/seo\/ -->\n<title>L&#039;\u00e9quipe - Embonice.com<\/title>\n<meta name=\"robots\" content=\"index, follow, max-snippet:-1, max-image-preview:large, max-video-preview:-1\" \/>\n<link rel=\"canonical\" href=\"https:\/\/www.embonice.com\/index.php\/equipe\/\" \/>\n<meta property=\"og:locale\" content=\"fr_FR\" \/>\n<meta property=\"og:type\" content=\"article\" \/>\n<meta property=\"og:title\" content=\"L&#039;\u00e9quipe - Embonice.com\" \/>\n<meta property=\"og:description\" content=\"Les radiologues Notre \u00e9quipe Le groupe Azuradiologie comprend 7 radiologues sp\u00e9cialis\u00e9s dans la radiologie interventionnelle. Dr BAQUEDr BONNARDDr HAVETDr IZZILLODr LAMEDr ODDODr SALA PLATEAU TECHNIQUE La clinique Kantys centre comprend un plateau technique cardiovasculaire avec 2 salles de cath\u00e9t\u00e9risme cardiaque, 2 salles de rythmologie, et 2 salle de radiologie interventionnelle et chirurgie endovasculaire. Une salle [&hellip;]\" \/>\n<meta property=\"og:url\" content=\"https:\/\/www.embonice.com\/index.php\/equipe\/\" \/>\n<meta property=\"og:site_name\" content=\"Embonice.com\" \/>\n<meta property=\"article:modified_time\" content=\"2025-02-18T09:43:19+00:00\" \/>\n<meta property=\"og:image\" content=\"http:\/\/www.embonice.com\/wp-content\/uploads\/2024\/04\/Image_Placeholder_Hero-1024x833.jpeg\" \/>\n<meta name=\"twitter:card\" content=\"summary_large_image\" \/>\n<meta name=\"twitter:label1\" content=\"Dur\u00e9e de lecture estim\u00e9e\" \/>\n\t<meta name=\"twitter:data1\" content=\"2 minutes\" \/>\n<script type=\"application\/ld+json\" class=\"yoast-schema-graph\">{\"@context\":\"https:\/\/schema.org\",\"@graph\":[{\"@type\":\"WebPage\",\"@id\":\"https:\/\/www.embonice.com\/index.php\/equipe\/\",\"url\":\"https:\/\/www.embonice.com\/index.php\/equipe\/\",\"name\":\"L'\u00e9quipe - Embonice.com\",\"isPartOf\":{\"@id\":\"http:\/\/www.embonice.com\/#website\"},\"primaryImageOfPage\":{\"@id\":\"https:\/\/www.embonice.com\/index.php\/equipe\/#primaryimage\"},\"image\":{\"@id\":\"https:\/\/www.embonice.com\/index.php\/equipe\/#primaryimage\"},\"thumbnailUrl\":\"http:\/\/www.embonice.com\/wp-content\/uploads\/2024\/04\/Image_Placeholder_Hero-1024x833.jpeg\",\"datePublished\":\"2024-04-18T15:27:30+00:00\",\"dateModified\":\"2025-02-18T09:43:19+00:00\",\"breadcrumb\":{\"@id\":\"https:\/\/www.embonice.com\/index.php\/equipe\/#breadcrumb\"},\"inLanguage\":\"fr-FR\",\"potentialAction\":[{\"@type\":\"ReadAction\",\"target\":[\"https:\/\/www.embonice.com\/index.php\/equipe\/\"]}]},{\"@type\":\"ImageObject\",\"inLanguage\":\"fr-FR\",\"@id\":\"https:\/\/www.embonice.com\/index.php\/equipe\/#primaryimage\",\"url\":\"http:\/\/www.embonice.com\/wp-content\/uploads\/2024\/04\/Image_Placeholder_Hero-1024x833.jpeg\",\"contentUrl\":\"http:\/\/www.embonice.com\/wp-content\/uploads\/2024\/04\/Image_Placeholder_Hero-1024x833.jpeg\"},{\"@type\":\"BreadcrumbList\",\"@id\":\"https:\/\/www.embonice.com\/index.php\/equipe\/#breadcrumb\",\"itemListElement\":[{\"@type\":\"ListItem\",\"position\":1,\"name\":\"Accueil\",\"item\":\"http:\/\/www.embonice.com\/\"},{\"@type\":\"ListItem\",\"position\":2,\"name\":\"L&rsquo;\u00e9quipe\"}]},{\"@type\":\"WebSite\",\"@id\":\"http:\/\/www.embonice.com\/#website\",\"url\":\"http:\/\/www.embonice.com\/\",\"name\":\"Embonice.com\",\"description\":\"Centre de Radiologie Interventionnelle de la ville de Nice\",\"publisher\":{\"@id\":\"http:\/\/www.embonice.com\/#organization\"},\"potentialAction\":[{\"@type\":\"SearchAction\",\"target\":{\"@type\":\"EntryPoint\",\"urlTemplate\":\"http:\/\/www.embonice.com\/?s={search_term_string}\"},\"query-input\":\"required name=search_term_string\"}],\"inLanguage\":\"fr-FR\"},{\"@type\":\"Organization\",\"@id\":\"http:\/\/www.embonice.com\/#organization\",\"name\":\"Embonice.com\",\"url\":\"http:\/\/www.embonice.com\/\",\"logo\":{\"@type\":\"ImageObject\",\"inLanguage\":\"fr-FR\",\"@id\":\"http:\/\/www.embonice.com\/#\/schema\/logo\/image\/\",\"url\":\"https:\/\/www.embonice.com\/wp-content\/uploads\/2024\/04\/cropped-Black-and-White-Minimalist-Wave-Fashion-Logo.png\",\"contentUrl\":\"https:\/\/www.embonice.com\/wp-content\/uploads\/2024\/04\/cropped-Black-and-White-Minimalist-Wave-Fashion-Logo.png\",\"width\":500,\"height\":123,\"caption\":\"Embonice.com\"},\"image\":{\"@id\":\"http:\/\/www.embonice.com\/#\/schema\/logo\/image\/\"}}]}<\/script>\n<!-- \/ Yoast SEO plugin. -->","yoast_head_json":{"title":"L'\u00e9quipe - Embonice.com","robots":{"index":"index","follow":"follow","max-snippet":"max-snippet:-1","max-image-preview":"max-image-preview:large","max-video-preview":"max-video-preview:-1"},"canonical":"https:\/\/www.embonice.com\/index.php\/equipe\/","og_locale":"fr_FR","og_type":"article","og_title":"L'\u00e9quipe - Embonice.com","og_description":"Les radiologues Notre \u00e9quipe Le groupe Azuradiologie comprend 7 radiologues sp\u00e9cialis\u00e9s dans la radiologie interventionnelle. Dr BAQUEDr BONNARDDr HAVETDr IZZILLODr LAMEDr ODDODr SALA PLATEAU TECHNIQUE La clinique Kantys centre comprend un plateau technique cardiovasculaire avec 2 salles de cath\u00e9t\u00e9risme cardiaque, 2 salles de rythmologie, et 2 salle de radiologie interventionnelle et chirurgie endovasculaire. Une salle [&hellip;]","og_url":"https:\/\/www.embonice.com\/index.php\/equipe\/","og_site_name":"Embonice.com","article_modified_time":"2025-02-18T09:43:19+00:00","og_image":[{"url":"http:\/\/www.embonice.com\/wp-content\/uploads\/2024\/04\/Image_Placeholder_Hero-1024x833.jpeg"}],"twitter_card":"summary_large_image","twitter_misc":{"Dur\u00e9e de lecture estim\u00e9e":"2 minutes"},"schema":{"@context":"https:\/\/schema.org","@graph":[{"@type":"WebPage","@id":"https:\/\/www.embonice.com\/index.php\/equipe\/","url":"https:\/\/www.embonice.com\/index.php\/equipe\/","name":"L'\u00e9quipe - Embonice.com","isPartOf":{"@id":"http:\/\/www.embonice.com\/#website"},"primaryImageOfPage":{"@id":"https:\/\/www.embonice.com\/index.php\/equipe\/#primaryimage"},"image":{"@id":"https:\/\/www.embonice.com\/index.php\/equipe\/#primaryimage"},"thumbnailUrl":"http:\/\/www.embonice.com\/wp-content\/uploads\/2024\/04\/Image_Placeholder_Hero-1024x833.jpeg","datePublished":"2024-04-18T15:27:30+00:00","dateModified":"2025-02-18T09:43:19+00:00","breadcrumb":{"@id":"https:\/\/www.embonice.com\/index.php\/equipe\/#breadcrumb"},"inLanguage":"fr-FR","potentialAction":[{"@type":"ReadAction","target":["https:\/\/www.embonice.com\/index.php\/equipe\/"]}]},{"@type":"ImageObject","inLanguage":"fr-FR","@id":"https:\/\/www.embonice.com\/index.php\/equipe\/#primaryimage","url":"http:\/\/www.embonice.com\/wp-content\/uploads\/2024\/04\/Image_Placeholder_Hero-1024x833.jpeg","contentUrl":"http:\/\/www.embonice.com\/wp-content\/uploads\/2024\/04\/Image_Placeholder_Hero-1024x833.jpeg"},{"@type":"BreadcrumbList","@id":"https:\/\/www.embonice.com\/index.php\/equipe\/#breadcrumb","itemListElement":[{"@type":"ListItem","position":1,"name":"Accueil","item":"http:\/\/www.embonice.com\/"},{"@type":"ListItem","position":2,"name":"L&rsquo;\u00e9quipe"}]},{"@type":"WebSite","@id":"http:\/\/www.embonice.com\/#website","url":"http:\/\/www.embonice.com\/","name":"Embonice.com","description":"Centre de Radiologie Interventionnelle de la ville de Nice","publisher":{"@id":"http:\/\/www.embonice.com\/#organization"},"potentialAction":[{"@type":"SearchAction","target":{"@type":"EntryPoint","urlTemplate":"http:\/\/www.embonice.com\/?s={search_term_string}"},"query-input":"required name=search_term_string"}],"inLanguage":"fr-FR"},{"@type":"Organization","@id":"http:\/\/www.embonice.com\/#organization","name":"Embonice.com","url":"http:\/\/www.embonice.com\/","logo":{"@type":"ImageObject","inLanguage":"fr-FR","@id":"http:\/\/www.embonice.com\/#\/schema\/logo\/image\/","url":"https:\/\/www.embonice.com\/wp-content\/uploads\/2024\/04\/cropped-Black-and-White-Minimalist-Wave-Fashion-Logo.png","contentUrl":"https:\/\/www.embonice.com\/wp-content\/uploads\/2024\/04\/cropped-Black-and-White-Minimalist-Wave-Fashion-Logo.png","width":500,"height":123,"caption":"Embonice.com"},"image":{"@id":"http:\/\/www.embonice.com\/#\/schema\/logo\/image\/"}}]}},"_links":{"self":[{"href":"https:\/\/www.embonice.com\/index.php\/wp-json\/wp\/v2\/pages\/18","targetHints":{"allow":["GET"]}}],"collection":[{"href":"https:\/\/www.embonice.com\/index.php\/wp-json\/wp\/v2\/pages"}],"about":[{"href":"https:\/\/www.embonice.com\/index.php\/wp-json\/wp\/v2\/types\/page"}],"author":[{"embeddable":true,"href":"https:\/\/www.embonice.com\/index.php\/wp-json\/wp\/v2\/users\/1"}],"replies":[{"embeddable":true,"href":"https:\/\/www.embonice.com\/index.php\/wp-json\/wp\/v2\/comments?post=18"}],"version-history":[{"count":14,"href":"https:\/\/www.embonice.com\/index.php\/wp-json\/wp\/v2\/pages\/18\/revisions"}],"predecessor-version":[{"id":482,"href":"https:\/\/www.embonice.com\/index.php\/wp-json\/wp\/v2\/pages\/18\/revisions\/482"}],"wp:attachment":[{"href":"https:\/\/www.embonice.com\/index.php\/wp-json\/wp\/v2\/media?parent=18"}],"curies":[{"name":"wp","href":"https:\/\/api.w.org\/{rel}","templated":true}]}}